{"id":2538,"date":"2024-03-30T15:42:10","date_gmt":"2024-03-30T15:42:10","guid":{"rendered":"https:\/\/winandofficeplus.com\/spain\/?page_id=2538"},"modified":"2024-04-14T21:16:38","modified_gmt":"2024-04-14T21:16:38","slug":"returns-and-refunds","status":"publish","type":"page","link":"https:\/\/winandoffice.net\/spain\/returns-and-refunds\/","title":{"rendered":"Devoluciones y Reembolsos"},"content":{"rendered":"<p>&nbsp;<\/p>\n<ul>\n<li>Sin cargos de devoluci\u00f3n<\/li>\n<li>Sin cargos de env\u00edo<\/li>\n<li>Reembolso completo del 100%<strong>Derecho de Desistimiento<\/strong><\/li>\n<\/ul>\n<p>Usted tiene el derecho de revocar este contrato de por vida sin dar ning\u00fan motivo. El derecho de desistimiento se hace efectivo a partir del d\u00eda de la conclusi\u00f3n del contrato, pero no antes de la recepci\u00f3n de la mercanc\u00eda.<\/p>\n<p>Para ejercer su derecho de desistimiento, debe enviarnos:<\/p>\n<p>Reino Unido \u00a0+44 743-858-5981 \u00a0<a href=\"mailto:support@winandoffice.net\" target=\"_new\" rel=\"noopener\">support@winandoffice.net<\/a><\/p>\n<p>con una declaraci\u00f3n clara (por ejemplo, una carta enviada por correo, fax o correo electr\u00f3nico) de su decisi\u00f3n de desistir de este contrato. Puede utilizar el formulario de revocaci\u00f3n adjunto para esto, pero no es necesario.<\/p>\n<p>Para cumplir con el per\u00edodo de cancelaci\u00f3n, es suficiente que env\u00ede la comunicaci\u00f3n relativa al ejercicio del derecho de cancelaci\u00f3n antes del final del per\u00edodo de cancelaci\u00f3n.<\/p>\n<p><strong>Consecuencias del Desistimiento<\/strong><\/p>\n<p>Si usted revoca este contrato, le reembolsaremos todos los pagos que hayamos recibido de usted, incluidos los gastos de env\u00edo. Para este reembolso, utilizamos el mismo medio de pago que usted utiliz\u00f3 en la transacci\u00f3n original, a menos que acordemos expresamente lo contrario con usted; en ning\u00fan caso se cobrar\u00e1n comisiones por este retorno.<\/p>\n<p>Usted deber\u00e1 asumir los costos directos de devoluci\u00f3n de la mercanc\u00eda. Solo tendr\u00e1 que pagar por cualquier p\u00e9rdida de valor de la mercanc\u00eda si esta p\u00e9rdida de valor se debe a un manejo de la mercanc\u00eda que no sea necesario para comprobar el estado, las propiedades y el funcionamiento de la mercanc\u00eda.<\/p>\n<p><strong>Formulario de Desistimiento de Muestra<\/strong><\/p>\n<p>(Si desea revocar el contrato, complete este formulario y devu\u00e9lvalo.)<\/p>\n<p>A:<\/p>\n<p>Reino Unido \u00a0+44 743-858-5981 \u00a0<a href=\"mailto:support@winandoffice.net\" target=\"_new\" rel=\"noopener\">support@winandoffice.net<\/a><br \/>\nYo\/nosotros (<em>) por la presente revoco\/revocamos el contrato celebrado por m\u00ed\/nosotros (<\/em>) para la compra de los siguientes bienes (<em>)\/la prestaci\u00f3n del siguiente servicio (<\/em>) Pedido el (<em>) \/ recibido el (<\/em>) Nombre del consumidor(es) Direcci\u00f3n del consumidor(es) Firma del consumidor o consumidores (solo si la notificaci\u00f3n se realiza en papel) Fecha<\/p>\n<p>(*) Tache lo que no corresponda.<\/p>\n","protected":false},"excerpt":{"rendered":"<p>&nbsp; Sin cargos de devoluci\u00f3n Sin cargos de env\u00edo Reembolso completo del 100%Derecho de Desistimiento Usted tiene el derecho de revocar este contrato de por vida sin dar ning\u00fan motivo. El derecho de desistimiento se hace efectivo a partir del d\u00eda de la conclusi\u00f3n del contrato, pero no antes de&hellip; <\/p>\n","protected":false},"author":1,"featured_media":0,"parent":0,"menu_order":0,"comment_status":"closed","ping_status":"closed","template":"","meta":{"footnotes":""},"_links":{"self":[{"href":"https:\/\/winandoffice.net\/spain\/wp-json\/wp\/v2\/pages\/2538"}],"collection":[{"href":"https:\/\/winandoffice.net\/spain\/wp-json\/wp\/v2\/pages"}],"about":[{"href":"https:\/\/winandoffice.net\/spain\/wp-json\/wp\/v2\/types\/page"}],"author":[{"embeddable":true,"href":"https:\/\/winandoffice.net\/spain\/wp-json\/wp\/v2\/users\/1"}],"replies":[{"embeddable":true,"href":"https:\/\/winandoffice.net\/spain\/wp-json\/wp\/v2\/comments?post=2538"}],"version-history":[{"count":7,"href":"https:\/\/winandoffice.net\/spain\/wp-json\/wp\/v2\/pages\/2538\/revisions"}],"predecessor-version":[{"id":2821,"href":"https:\/\/winandoffice.net\/spain\/wp-json\/wp\/v2\/pages\/2538\/revisions\/2821"}],"wp:attachment":[{"href":"https:\/\/winandoffice.net\/spain\/wp-json\/wp\/v2\/media?parent=2538"}],"curies":[{"name":"wp","href":"https:\/\/api.w.org\/{rel}","templated":true}]}}